n base 5, what is 10411003 + 0?
10411003
In base 14, what is -3 - 2360?
-2363
In base 7, what is -1112 - 11051?
-12163
In base 3, what is -121110 - -1012110?
121000
In base 2, what is -10010100010111111 + 0?
-10010100010111111
In base 6, what is -24 - -231222?
231154
In base 14, what is -2 - 14daa?
-14dac
In base 2, what is 0 + -101111110011110110?
-101111110011110110
In base 16, what is 3c - aaf?
-a73
In base 9, what is 10414 - 630?
8674
In base 8, what is 30424 + 123?
30547
In base 10, what is -1 - -71209?
71208
In base 15, what is -3b2 - -26?
-38b
In base 8, what is 12 + -2374?
-2362
In base 5, what is 42303040 + 0?
42303040
In base 16, what is 211 - -29a?
4ab
In base 14, what is 26c54 - -1?
26c55
In base 14, what is -1511 - 8?
-1519
In base 15, what is -7bc387 + -1?
-7bc388
In base 3, what is -100200 + -21000100?
-21101000
In base 8, what is 3 + 1173625?
1173630
In base 3, what is 11 + 11202202020?
11202202101
In base 2, what is 10111000110101011 - 1011?
10111000110100000
In base 10, what is -82 - -20?
-62
In base 8, what is 256265 + 5?
256272
In base 16, what is 149 + -e?
13b
In base 9, what is 84 - 3323?
-3228
In base 15, what is -2ba - 112?
-3cc
In base 16, what is 356 - a?
34c
In base 16, what is -5a - -1617?
15bd
In base 6, what is -4043 - -330?
-3313
In base 8, what is -71 - -27414?
27323
In base 3, what is 200010212200 + 1?
200010212201
In base 6, what is -101030 - 134?
-101204
In base 3, what is 1000012 - -101121?
1101210
In base 3, what is 0 + 10110000122?
10110000122
In base 15, what is 120411 + 3?
120414
In base 11, what is 980 + 8?
988
In base 10, what is -2 + 20189?
20187
In base 4, what is 23001211 + 1002?
23002213
In base 4, what is 11 - -230212?
230223
In base 15, what is 45 - -68b?
6d1
In base 9, what is 43 - -75051?
75104
In base 16, what is -274 - 7d?
-2f1
In base 12, what is -5 - 4639?
-4642
In base 12, what is -28573 - 0?
-28573
In base 14, what is -2548 - 1c?
-2566
In base 4, what is 1111 + -3120321?
-3113210
In base 9, what is -11 + 4655?
4644
In base 14, what is 16c3a + -21?
16c19
In base 4, what is -3 + 3233102?
3233033
In base 6, what is -10131 + 1225?
-4502
In base 7, what is 2 - -152032?
152034
In base 3, what is 11 - -12020210?
12020221
In base 6, what is 31342 - 112?
31230
In base 13, what is -1726c - -9?
-17263
In base 15, what is -76e34 + -9?
-76e3d
In base 5, what is -1 - 1012414?
-1012420
In base 10, what is -29973 - 79?
-30052
In base 12, what is 1 - -32bb?
3300
In base 5, what is -2401103 + 2?
-2401101
In base 2, what is -11 - -100000001101001000101?
100000001101001000010
In base 14, what is -23 + -1c469?
-1c48c
In base 8, what is -154 - 137354?
-137530
In base 14, what is 9a90d + -4?
9a909
In base 9, what is -1 + -6245?
-6246
In base 6, what is -5213405 - -3?
-5213402
In base 13, what is -3aa7 - -2?
-3aa5
In base 16, what is -391 - -7a?
-317
In base 4, what is 12 - 1023332022?
-1023332010
In base 12, what is -2 - -b1aa?
b1a8
In base 5, what is 131 + -4223133?
-4223002
In base 9, what is 43 + -43836?
-43783
In base 6, what is 13 - -2045?
2102
In base 14, what is -19 + 2ad1?
2ab6
In base 7, what is 1001460 + 4?
1001464
In base 9, what is -16646 - -1?
-16645
In base 3, what is -20221 - -1112012200?
1111221202
In base 13, what is -9802 + -2?
-9804
In base 9, what is -5 + -7062?
-7067
In base 4, what is 2330202 + -10113?
2320023
In base 6, what is -1 + -40221003?
-40221004
In base 16, what is -3f - -c8c9?
c88a
In base 14, what is -3 + -50b55?
-50b58
In base 10, what is -49822 - 0?
-49822
In base 9, what is 168 - -518?
687
In base 4, what is -10213 + -2120?
-12333
In base 7, what is -6 - 255206?
-255215
In base 15, what is 116a + 245?
13b0
In base 14, what is a116 + 2?
a118
In base 16, what is -25 + 1de5?
1dc0
In base 12, what is -10 + 2953?
2943
In base 16, what is 7 - -391?
398
In base 2, what is 10100100000100 + -101?
10100011111111
In base 16, what is -11493 + a?
-11489
In base 4, what is 13020 + 120?
13200
In base 10, what is 36224 + 4?
36228
In base 6, what is -142 - -5022?
4440
In base 11, what is 1 + 117554?
117555
In base 14, what is -31 + -3d04?
-3d35
In base 11, what is -8085 + 7?
-8079
In base 13, what is -10179 + -1?
-1017a
In base 16, what is -f5 - -24?
-d1
In base 4, what is 2313011 + 333?
2320010
In base 5, what is 23 + 220140?
220213
In base 14, what is -3d9665 - -5?
-3d9660
In base 3, what is 10 + 10001220221?
10001221001
In base 4, what is -3331 + 120233?
110302
In base 10, what is -2 + -874?
-876
In base 7, what is -326330 + -12?
-326342
In base 10, what is 187397 + 1?
187398
In base 10, what is -14 - -1528?
1514
In base 6, what is -31 - 12502?
-12533
In base 12, what is 0 + -b962?
-b962
In base 11, what is 319 - -61?
37a
In base 11, what is 1288 - 81?
1207
In base 10, what is -3 - -3150?
3147
In base 6, what is -4 - 25454?
-25502
In base 8, what is -10547240 + 1?
-10547237
In base 15, what is -4 - 8230?
-8234
In base 8, what is -33 - -2723?
2670
In base 13, what is -607 - -18?
-5bc
In base 3, what is 2212120 - -101?
2212221
In base 14, what is 15 + -31ca?
-31b5
In base 9, what is -7 + 328147?
328140
In base 2, what is -1000 + -111110100010111?
-111110100011111
In base 8, what is 1 + -14040?
-14037
In base 5, what is 14 + -10403023?
-10403004
In base 7, what is 6440 - -4?
6444
In base 14, what is 9da - -4?
a00
In base 11, what is 653 + 4?
657
In base 10, what is -6 - -34191?
34185
In base 9, what is 2 - -225781?
225783
In base 6, what is 2 + 221442?
221444
In base 3, what is 21112 - -1120000?
1211112
In base 15, what is e + -5bca?
-5bbb
In base 12, what is 66a69 + 1?
66a6a
In base 15, what is 207 - 0?
207
In base 5, what is 12023334 + 2?
12023341
In base 15, what is 6c40e - -3?
6c412
In base 3, what is -2 + -222000112222?
-222000120001
In base 8, what is 1 + -15367?
-15366
In base 5, what is -3133210 - 4?
-3133214
In base 13, what is -2c2b9 + 2a?
-2c28c
In base 7, what is 6046 - -2?
6051
In base 15, what is c + 34d0?
34dc
In base 11, what is -26816 - -31?
-26795
In base 16, what is 12d - 9f?
8e
In base 16, what is 18e - -a87?
c15
In base 4, what is -10201320320 - 1?
-10201320321
In base 14, what is 1271 - -5d?
12d0
In base 3, what is -2 + 110001012010?
110001012001
In base 5, what is 13234101 + -41?
13234010
In base 10, what is 14 - -671?
685
In base 2, what is 100101001011 - -11010?
100101100101
In base 10, what is -75 + 2207?
2132
In base 12, what is -13 + -1b49?
-1b60
In base 3, what is 122121012 - 10?
122121002
In base 8, what is 5 + 66414?
66421
In base 7, what is -112 - 52?
-164
In base 13, what is -181 + 1130?
c7c
In base 13, what is 0 - -8647?
8647
In base 11, what is -46229 - 9?
-46237
In base 5, what is 13204 - 1032?
12122
In base 7, what is 355044 + -10?
355034
In base 14, what is 2 - -413?
415
In base 7, what is -1 + 3253641?
3253640
In base 2, what is -111001000110 - 10110?
-111001011100
In base 13, what is -1358c5 - 0?
-1358c5
In base 3, what is 222221 - -2021?
1002012
In base 14, what is 12d59 + 0?
12d59
In base 12, what is -157b0a + -b?
-157b19
In base 6, what is 1 + -1043231?
-1043230
In base 11, what is 1 + -11a46?
-11a45
In base 16, what is 4e + 4264?
42b2
In base 13, what is -24 + 597?
573
In base 15, what is 42 + 485?
4c7
In base 5, what is 20 + 23331433?
23332003
In base 11, what is 23a - 39?
201
In base 9, what is -24 + 72183?
72158
In base 2, what is 101 + -1000111010000?
-1000111001011
In base 13, what is 17c + -6a4?
-525
In base 7, what is 154 + 50332?
50516
In base 5, what is -1022 + 1324?
302
In base 9, what is -15 + -44153?
-44168
In base 4, what is 10 + -123331333?
-123331323
In base 3, what is -1212100 - -10202002?
1212202
In base 3, what is 210 + -1002101?
-1001121
In base 10, what is 227143 - 11?
227132
In base 13, what is -4 - a86a?
-a871
In base 6, what is -14234 + -2?
-14240
In base 14, what is 4 - -35dc?
3602
In base 9, what is 1 + 33508?
33510
In base 11, what is -3 - -181152?
18114a
In base 2, what is -111000011010 + -1110001?
-111010001011
In base 4, what is 11 + -1230200231?
-1230200220
In base 14, what is 428 + 4?
42c
In base 7, what is -220333 + 3?
-220330
In base 9, what is -4 + 48743?
48738
In base 12, what is -29 + -11b7?
-1224
In base 5, what is 12302 - -1431?
14233
In base 4, what is 1311013120 - -12?
1311013132
In base 16, what is 230c7